{"id":8,"date":"2018-10-25T21:40:20","date_gmt":"2018-10-25T23:40:20","guid":{"rendered":"http:\/\/luizadaiola.com\/?page_id=8"},"modified":"2018-11-17T16:55:19","modified_gmt":"2018-11-17T18:55:19","slug":"pagina-inicial","status":"publish","type":"page","link":"https:\/\/luizadaiola.com\/index.php\/pagina-inicial\/","title":{"rendered":"Sobre"},"content":{"rendered":"<p>Luiza da Iola : o nome que resignifica a luta.<\/p>\n<p>Interiorana, vinda do ber\u00e7o dos sem nome, sem posse, sem terra e sem pai. Filha de duas m\u00e3es; uma que gera, a outra que cria. A primeira, m\u00e3e solteira, d\u00e1 a vida, d\u00e1 o nome, o ax\u00e9 \u201c guerreira gloriosa\u201d. A segunda ,m\u00e3e vi\u00fava ,d\u00e1 a identidade e inspira o sobrenome o \u201calvorecer \u201c.<\/p>\n<p>A filha criada; em ber\u00e7o matriarcal, ao lado de verdadeiras Y\u00e1s, catalisa na for\u00e7a de duas mulheres o poder de gerar, criar, persistir , resistir e existir em solo patriarcal.<\/p>\n<p>Extraiu dos seios maternos, por puro instinto, a seiva que nutre todas as suas descobertas pessoais e art\u00edsticas.<\/p>\n<p>Seu corpo \u2013 negro \u2013 se apropria do ser. Uma mulher negra, em sua plenitude e ancestralidade advindas das mem\u00f3rias, da inf\u00e2ncia constru\u00edda ao som de atabaques, alfaias e tamborins. \u00c9 o universo da m\u00e3e vi\u00fava, adv\u00e9m suas influ\u00eancias afro sonoras.<\/p>\n<p>Tradi\u00e7\u00f5es, estilos e influ\u00eancias da m\u00fasica afro se conectam ao pop que, somados aos cantos sacros, se transmutam no entrelace da oralidade, da m\u00fasica, do canto ancestral e dos discursos \u00e1cidos acerca do ser negro. Assim, forja fase na adulta, uma armadura feita do resgate de sua mem\u00f3ria individual e coletiva.<\/p>\n<p>E dessa fus\u00e3o Afropop, a cantora busca conduzir o seu p\u00fablico a um espa\u00e7o afetivo; n\u00e3o somente f\u00edsico ou emocional, mas que aja no sentido social, e que atue por meio dos sentidos, nas experi\u00eancias que constituem a vida cotidiana.<\/p>\n<p>A voz, cantada e falada \u00e9 um canal onipresente que se des\u00e1gua em notas agridoces nos palcos e para al\u00e9m deles.<\/p>\n","protected":false},"excerpt":{"rendered":"<p>Luiza da Iola : o nome que resignifica a luta. Interiorana, vinda do ber\u00e7o dos sem nome, sem posse, sem terra e [&hellip;]<\/p>\n","protected":false},"author":1,"featured_media":0,"parent":0,"menu_order":0,"comment_status":"closed","ping_status":"closed","template":"template-homepage.php","meta":{"ngg_post_thumbnail":0,"footnotes":""},"class_list":["post-8","page","type-page","status-publish","hentry"],"_links":{"self":[{"href":"https:\/\/luizadaiola.com\/index.php\/wp-json\/wp\/v2\/pages\/8","targetHints":{"allow":["GET"]}}],"collection":[{"href":"https:\/\/luizadaiola.com\/index.php\/wp-json\/wp\/v2\/pages"}],"about":[{"href":"https:\/\/luizadaiola.com\/index.php\/wp-json\/wp\/v2\/types\/page"}],"author":[{"embeddable":true,"href":"https:\/\/luizadaiola.com\/index.php\/wp-json\/wp\/v2\/users\/1"}],"replies":[{"embeddable":true,"href":"https:\/\/luizadaiola.com\/index.php\/wp-json\/wp\/v2\/comments?post=8"}],"version-history":[{"count":3,"href":"https:\/\/luizadaiola.com\/index.php\/wp-json\/wp\/v2\/pages\/8\/revisions"}],"predecessor-version":[{"id":40,"href":"https:\/\/luizadaiola.com\/index.php\/wp-json\/wp\/v2\/pages\/8\/revisions\/40"}],"wp:attachment":[{"href":"https:\/\/luizadaiola.com\/index.php\/wp-json\/wp\/v2\/media?parent=8"}],"curies":[{"name":"wp","href":"https:\/\/api.w.org\/{rel}","templated":true}]}}

<p>Luiza da Iola : o nome que resignifica a luta.</p>
<p>Interiorana, vinda do berço dos sem nome, sem posse, sem terra e sem pai. Filha de duas mães; uma que gera, a outra que cria. A primeira, mãe solteira, dá a vida, dá o nome, o axé “ guerreira gloriosa”. A segunda ,mãe viúva ,dá a identidade e inspira o sobrenome o “alvorecer “.</p>
<p>A filha criada; em berço matriarcal, ao lado de verdadeiras Yás, catalisa na força de duas mulheres o poder de gerar, criar, persistir , resistir e existir em solo patriarcal.</p>
<p>Extraiu dos seios maternos, por puro instinto, a seiva que nutre todas as suas descobertas pessoais e artísticas.</p>
<p>Seu corpo – negro – se apropria do ser. Uma mulher negra, em sua plenitude e ancestralidade advindas das memórias, da infância construída ao som de atabaques, alfaias e tamborins. É o universo da mãe viúva, advém suas influências afro sonoras.</p>
<p>Tradições, estilos e influências da música afro se conectam ao pop que, somados aos cantos sacros, se transmutam no entrelace da oralidade, da música, do canto ancestral e dos discursos ácidos acerca do ser negro. Assim, forja fase na adulta, uma armadura feita do resgate de sua memória individual e coletiva.</p>
<p>E dessa fusão Afropop, a cantora busca conduzir o seu público a um espaço afetivo; não somente físico ou emocional, mas que aja no sentido social, e que atue por meio dos sentidos, nas experiências que constituem a vida cotidiana.</p>
<p>A voz, cantada e falada é um canal onipresente que se deságua em notas agridoces nos palcos e para além deles.</p>

<p>Luiza da Iola : o nome que resignifica a luta. Interiorana, vinda do berço dos sem nome, sem posse, sem terra e [&hellip;]</p>
