{"id":339,"date":"2021-06-18T12:45:38","date_gmt":"2021-06-18T15:45:38","guid":{"rendered":"http:\/\/luizadaiola.com\/?page_id=339"},"modified":"2021-06-20T18:57:34","modified_gmt":"2021-06-20T21:57:34","slug":"jipambu-2021","status":"publish","type":"page","link":"https:\/\/luizadaiola.com\/index.php\/jipambu-2021\/","title":{"rendered":"JIPAMBU (2021)"},"content":{"rendered":"<div id=\"pl-339\"  class=\"panel-layout\" ><div id=\"pg-339-0\"  class=\"panel-grid panel-has-style\" ><div class=\"siteorigin-panels-stretch panel-row-style panel-row-style-for-339-0\" style=\"padding: 100px 0; \" data-stretch-type=\"full\" data-overlay=\"true\" data-overlay-color=\"#000000\" ><div id=\"pgc-339-0-0\"  class=\"panel-grid-cell\" ><div id=\"panel-339-0-0-0\" class=\"so-panel widget widget_sow-editor panel-first-child panel-last-child\" data-index=\"0\" ><div style=\"text-align: left;\" data-title-color=\"#443f3f\" data-headings-color=\"#443f3f\" class=\"panel-widget-style panel-widget-style-for-339-0-0-0\" ><div\n\t\t\t\n\t\t\tclass=\"so-widget-sow-editor so-widget-sow-editor-base\"\n\t\t\t\n\t\t>\n<div class=\"siteorigin-widget-tinymce textwidget\">\n\t<p><a href=\"https:\/\/tratore.ffm.to\/jipambu\"><img decoding=\"async\" class=\"alignnone wp-image-342\" src=\"http:\/\/luizadaiola.com\/wp-content\/uploads\/2021\/06\/capa-JIPAMBU-site-300x300.jpg\" alt=\"\" width=\"230\" height=\"230\" srcset=\"https:\/\/luizadaiola.com\/wp-content\/uploads\/2021\/06\/capa-JIPAMBU-site-300x300.jpg 300w, https:\/\/luizadaiola.com\/wp-content\/uploads\/2021\/06\/capa-JIPAMBU-site-150x150.jpg 150w, https:\/\/luizadaiola.com\/wp-content\/uploads\/2021\/06\/capa-JIPAMBU-site-230x230.jpg 230w, https:\/\/luizadaiola.com\/wp-content\/uploads\/2021\/06\/capa-JIPAMBU-site-350x350.jpg 350w, https:\/\/luizadaiola.com\/wp-content\/uploads\/2021\/06\/capa-JIPAMBU-site-480x480.jpg 480w, https:\/\/luizadaiola.com\/wp-content\/uploads\/2021\/06\/capa-JIPAMBU-site.jpg 720w\" sizes=\"(max-width: 230px) 100vw, 230px\" \/><\/a><\/p>\n<p><a href=\"https:\/\/tratore.ffm.to\/jipambu\">OUVIR<\/a><\/p>\n<hr \/>\n<div><span style=\"font-size: 10pt;\">Ensaio Documental&nbsp; - Vila Nossa Senhora Aparecida<br \/>\n<\/span><span style=\"font-size: 10pt;\">Aglomerado da Serra\/ BH<\/span><\/div>\n<div><span style=\"font-size: 10pt;\"><span style=\"font-size: 10pt;\"><em>Fotos: Matheus Andres<\/em><\/span><\/span><\/div>\n<div>\nngg_shortcode_0_placeholder<\/div>\n<\/div>\n<\/div><\/div><\/div><\/div><div id=\"pgc-339-0-1\"  class=\"panel-grid-cell\" ><div id=\"panel-339-0-1-0\" class=\"so-panel widget widget_sow-editor panel-first-child\" data-index=\"1\" ><div style=\"text-align: left;\" data-title-color=\"#443f3f\" data-headings-color=\"#443f3f\" class=\"panel-widget-style panel-widget-style-for-339-0-1-0\" ><div\n\t\t\t\n\t\t\tclass=\"so-widget-sow-editor so-widget-sow-editor-base\"\n\t\t\t\n\t\t><h3 class=\"widget-title\">JIPAMBU (2021)<\/h3>\n<div class=\"siteorigin-widget-tinymce textwidget\">\n\t<p>Do quimbundo pambu, no plural jipambu.<br \/>\nPalavra cujo o significado \u00e9 jun\u00e7\u00e3o de caminhos ou ponto em que v\u00e1rios caminhos se cruzam.<br \/>\nInspirada nesse conceito de encruzilhar, reuni obras produzidas no per\u00edodo de dois anos, ressaltando que algumas dessas produ\u00e7\u00f5es foram feitas a dist\u00e2ncia devido ao contexto da pandemia. A jun\u00e7\u00e3o tem como objetivo retratar os tantos caminhos que se encontram nesse meu corpo encruzilhada materializados em forma de sonoridades que refletem n\u00e3o s\u00f3 o meu eu individual como tamb\u00e9m coletivo.<\/p>\n<\/div>\n<\/div><\/div><\/div><div id=\"panel-339-0-1-1\" class=\"so-panel widget widget_siteorigin-panels-builder panel-last-child\" data-index=\"2\" ><div style=\"text-align: left;\" data-title-color=\"#443f3f\" data-headings-color=\"#443f3f\" class=\"panel-widget-style panel-widget-style-for-339-0-1-1\" ><div id=\"pl-w60cfb9cec96f5\"  class=\"panel-layout\" ><div id=\"pg-w60cfb9cec96f5-0\"  class=\"panel-grid panel-has-style\" ><div style=\"padding: 60px 0; \" data-overlay=\"true\" data-overlay-color=\"#000000\" class=\"panel-row-style panel-row-style-for-w60cfb9cec96f5-0\" ><div id=\"pgc-w60cfb9cec96f5-0-0\"  class=\"panel-grid-cell\" ><div id=\"panel-w60cfb9cec96f5-0-0-0\" class=\"so-panel widget widget_sow-editor panel-first-child panel-last-child\" data-index=\"0\" ><div style=\"text-align: left;\" data-title-color=\"#443f3f\" data-headings-color=\"#443f3f\" class=\"panel-widget-style panel-widget-style-for-w60cfb9cec96f5-0-0-0\" ><div\n\t\t\t\n\t\t\tclass=\"so-widget-sow-editor so-widget-sow-editor-base\"\n\t\t\t\n\t\t><h3 class=\"widget-title\">01 - Irmandade<\/h3>\n<div class=\"siteorigin-widget-tinymce textwidget\">\n\t<p>Irmandade: palavra carregada de sentidos e simbolismos, sobretudo no que tange \u00e0s<br \/>\nirmandades de cor, s\u00edmbolos de resist\u00eancia, preserva\u00e7\u00e3o e express\u00e3o da cultura africana no<br \/>\nBrasil. Em um de seus significados, a palavra diz da amizade afetuosa e \u00edntima entre pessoas<br \/>\ndiversas; confraternidade. Baseado nesse signo, o single Irmandade, produzido em parceria<br \/>\ncom o produtor- pesquisador musical Miguel Javaral \u00e9 uma Ode \u00e0 igualdade e \u00e0 rela\u00e7\u00e3o de<br \/>\nsemelhan\u00e7a entre a diversidade. Uma celebra\u00e7\u00e3o aos encontros, la\u00e7os afetivos e aprendizados<br \/>\nadvindos dessas conflu\u00eancias existenciais.<\/p>\n<p><strong>Letra:<\/strong><br \/>\nQuando cheguei por aqui<br \/>\nN\u00e3o vim sozinha n\u00e3o<br \/>\nDa primeira vez que eu vi o mundo<br \/>\nPela janela dos olhos<br \/>\nPercebi que nada disso aqui<br \/>\nLevaria n\u00e3o<br \/>\nCheguei na vida nua<br \/>\nRealidade dura<br \/>\nVerdade pura<br \/>\nS\u00f3 pra me vestir de mim<br \/>\ne de sonhos<br \/>\nMuitos me perguntam<br \/>\nQuem \u00e9 seu pai<br \/>\nCad\u00ea sua m\u00e3e<br \/>\nOnde est\u00e3o seus irm\u00e3os<br \/>\nAh eu respondo<br \/>\nOlha em volta, c\u00ea vai v\u00ea<br \/>\nOlha ali meu pai<br \/>\nOlha aqui minha m\u00e3e<br \/>\nOlha l\u00e1 meu irm\u00e3o<br \/>\nAtravessando a rua<br \/>\nEm cada olhar<br \/>\nCada sorriso de volta<br \/>\nCada vida, uma hist\u00f3ria<br \/>\nCada pessoa<br \/>\numa p\u00e1gina<br \/>\nEscrita no meu livro,<br \/>\nem cada cap\u00edtulo<\/p>\n<p>Em cada encontro<\/p>\n<p>Almas se acham<br \/>\nEm cada abra\u00e7o<br \/>\nNasce irm\u00e3<br \/>\nIrm\u00e3 ...<br \/>\nQuando cheguei por aqui\u2026<\/p>\n<hr \/>\n<p><strong>Ficha T\u00e9cnica:<\/strong><br \/>\nVocal: Luiza da Iola<br \/>\nBaixo: Miguel Javaral<br \/>\nGuitarra: Gustavo Cunha<br \/>\nDire\u00e7\u00e3o Musical | Produ\u00e7\u00e3o Musical | Grava\u00e7\u00e3o | Mixagem : Miguel Javaral<br \/>\nMasteriza\u00e7\u00e3o: Andr\u00e9 Cabelo | Engenho Est\u00fadio<\/p>\n<\/div>\n<\/div><\/div><\/div><\/div><div id=\"pgc-w60cfb9cec96f5-0-1\"  class=\"panel-grid-cell\" ><div id=\"panel-w60cfb9cec96f5-0-1-0\" class=\"so-panel widget widget_sow-editor panel-first-child panel-last-child\" data-index=\"1\" ><div style=\"text-align: left;\" data-title-color=\"#443f3f\" data-headings-color=\"#443f3f\" class=\"panel-widget-style panel-widget-style-for-w60cfb9cec96f5-0-1-0\" ><div\n\t\t\t\n\t\t\tclass=\"so-widget-sow-editor so-widget-sow-editor-base\"\n\t\t\t\n\t\t><h3 class=\"widget-title\">02 - (R)evolu\u00e7\u00e3o Amar<\/h3>\n<div class=\"siteorigin-widget-tinymce textwidget\">\n\t<p>O dia em que o amor encontrou a luta, o grito a poesia, o punho erguido as m\u00e3os dadas. Em<br \/>\ntempos de \u00f3dio e extremismos, amar \u00e9 o maior ato de insubmiss\u00e3o e a forma mais<br \/>\nrevolucion\u00e1ria de afetar o mundo. O amor \u00e9 um dos nomes de Deus.<\/p>\n<p><strong>Letra:<\/strong><\/p>\n<p>Vou misturar beijo com den\u00fancia<br \/>\nMisturar paix\u00e3o com luta<br \/>\npunho erguido mas de m\u00e3os dadas<br \/>\nfazer do amor minha revolu\u00e7\u00e3o<\/p>\n<p>Vou misturar beijo com den\u00fancia<br \/>\nMisturar paix\u00e3o com luta<br \/>\npunho erguido mas de m\u00e3os dadas<br \/>\nfazer do amor minha religi\u00e3o<\/p>\n<p>Construindo pontes ao inv\u00e9s de abismo<br \/>\nofertando flores n\u00e3o importando os espinhos<br \/>\nfazendo do abra\u00e7o um aconchego<br \/>\ndo meu afeto o meu manifesto<br \/>\ndo meu corpo meu maior ato de protesto<br \/>\ne da minha voz instrumento<br \/>\nem nome da paz<br \/>\njusti\u00e7a<br \/>\nliberdade<br \/>\nigualdade<br \/>\nfraternidade<br \/>\nf\u00e9<br \/>\nrespeito<br \/>\ndireito<br \/>\nesperan\u00e7a<br \/>\nuni\u00e3o<br \/>\ne do amor<br \/>\na todos n\u00f3s<\/p>\n<p><strong>Ficha T\u00e9cnica:<\/strong><\/p>\n<p>Vocal: Luiza da Iola<br \/>\nProdu\u00e7\u00e3o Musical: Mattheus<br \/>\nGrava\u00e7\u00e3o e Mix: Malo Produtora<br \/>\nMasteriza\u00e7\u00e3o: Chris Quites<br \/>\nParticipa\u00e7\u00f5es especiais:<br \/>\nNalu Pimenta<br \/>\nCapone Beatbox<br \/>\nDanilo Brumana<br \/>\nRicardo Campos<\/p>\n<\/div>\n<\/div><\/div><\/div><\/div><div id=\"pgc-w60cfb9cec96f5-0-2\"  class=\"panel-grid-cell\" ><div id=\"panel-w60cfb9cec96f5-0-2-0\" class=\"so-panel widget widget_sow-editor panel-first-child panel-last-child\" data-index=\"2\" ><div style=\"text-align: left;\" data-title-color=\"#443f3f\" data-headings-color=\"#443f3f\" class=\"panel-widget-style panel-widget-style-for-w60cfb9cec96f5-0-2-0\" ><div\n\t\t\t\n\t\t\tclass=\"so-widget-sow-editor so-widget-sow-editor-base\"\n\t\t\t\n\t\t><h3 class=\"widget-title\">03 - Olel\u00ea<\/h3>\n<div class=\"siteorigin-widget-tinymce textwidget\">\n\t<p>\"Olel\u00ea\" \u00e9 uma toada sagrada e ancestral que tem o poder de conectar o mundo f\u00edsico ao<br \/>\nmundo espiritual. Muitas tradi\u00e7\u00f5es antigas sabiam do poder da m\u00fasica e de rezar-cantando.<br \/>\nEsse canto-reza \u00e9 um ressoar que busca fortalecer nossas travessias individuais e coletivas<br \/>\nfrente a esse tempo e a essa realidade, \u00fanica e adversa, enfrentada pela humanidade. Iremos<br \/>\natravessar!<\/p>\n<p><strong>Letra:<\/strong><\/p>\n<p>Olel\u00ea<br \/>\nlel\u00ea lel\u00ea<br \/>\nOlel\u00ea<br \/>\nlel\u00ea lel\u00ea a<br \/>\nSe a travessia dura<br \/>\nDura de aguent\u00e1<br \/>\nNa f\u00e9 vamo caminhando<br \/>\nNa For\u00e7a de Nzambi e Santa Mangan\u00e1<br \/>\nSe a travessia dura<br \/>\nDura de aguent\u00e1<br \/>\nNa f\u00e9 vamo caminhando<br \/>\nNa gra\u00e7a de Nzambi e Santa Mangan\u00e1<br \/>\nSe a travessia dura<br \/>\nDura de aguent\u00e1<br \/>\nNa f\u00e9 vamo caminhando<br \/>\nNa ben\u00e7a de Nzambi e Santa Mangan\u00e1<\/p>\n<hr \/>\n<p><strong>Ficha T\u00e9cnica:<\/strong><br \/>\nVocal: Luiza da Iola<br \/>\nProdu\u00e7\u00e3o Musical e Mix: Miguel Javaral<br \/>\nMasteriza\u00e7\u00e3o: Andr\u00e9 cabelo, Engenho Est\u00fadio<\/p>\n<\/div>\n<\/div><\/div><\/div><\/div><\/div><\/div><div id=\"pg-w60cfb9cec96f5-1\"  class=\"panel-grid panel-has-style\" ><div style=\"padding: -20px 0; \" data-overlay=\"true\" data-overlay-color=\"#000000\" class=\"panel-row-style panel-row-style-for-w60cfb9cec96f5-1\" ><div id=\"pgc-w60cfb9cec96f5-1-0\"  class=\"panel-grid-cell\" ><div id=\"panel-w60cfb9cec96f5-1-0-0\" class=\"so-panel widget widget_sow-editor panel-first-child panel-last-child\" data-index=\"3\" ><div style=\"text-align: left;\" data-title-color=\"#443f3f\" data-headings-color=\"#443f3f\" class=\"panel-widget-style panel-widget-style-for-w60cfb9cec96f5-1-0-0\" ><div\n\t\t\t\n\t\t\tclass=\"so-widget-sow-editor so-widget-sow-editor-base\"\n\t\t\t\n\t\t><h3 class=\"widget-title\">04 - Kitempo<\/h3>\n<div class=\"siteorigin-widget-tinymce textwidget\">\n\t<p>Inspirada na passagem Eclesiastes 3, Kitempo \u00e9 uma louva\u00e7\u00e3o ao poder do senhor dos dias,<br \/>\ndas horas, dos destinos. Nas tradi\u00e7\u00f5es africanas o Tempo \u00e9 tamb\u00e9m uma divindade, portanto<br \/>\nsaibamos honr\u00e1-lo e cultu\u00e1-lo, bem vivendo com sabedoria e responsabilidade.<\/p>\n<p><strong>Letra:<\/strong><br \/>\nTudo tem seu tempo<br \/>\nO tempo tem seu tudo<br \/>\nH\u00e1 tempo para tudo<br \/>\nDebaixo do c\u00e9u (2x)<br \/>\nTempo pra nascer<br \/>\ne pra morrer<\/p>\n<p>Tempo pra plantar<br \/>\ne pra colher<br \/>\nTempo pra matar<br \/>\ne pra curar<br \/>\nTempo pra destruir<br \/>\ne reconstruir<br \/>\nTudo tem seu tempo (4x)<br \/>\nTudo tem seu tempo<br \/>\nO tempo tem seu tudo<br \/>\nH\u00e1 tempo para tudo<br \/>\nDebaixo do c\u00e9u (2x)<br \/>\nTempo pra chorar<br \/>\ne pra rir<br \/>\nTempo pra lamentar<br \/>\ne pra dan\u00e7ar<br \/>\nTempo pra espalhar pedras<br \/>\ne junt\u00e1-las<br \/>\nTempo pra abra\u00e7ar<br \/>\ne se afastar<br \/>\nTudo tem seu tempo (4x)<br \/>\nTudo tem seu tempo<br \/>\nO tempo tem seu tudo<br \/>\nH\u00e1 tempo para tudo<br \/>\nDebaixo do c\u00e9u (2x)<br \/>\nTempo pra procurar<br \/>\ne pra e perder<br \/>\nTempo pra guardar<br \/>\ne pra distribuir<br \/>\nTempo pra rasgar<br \/>\ne pra costurar<br \/>\nTempo pra calar<br \/>\ne pra falar<\/p>\n<p>Tempo pra Amar<br \/>\nTempo pra Odiar<br \/>\nTempo pra Guerra<br \/>\nTempo pra Paz<\/p>\n<p>Tudo tem seu tempo (4x)<br \/>\nPois tudo tem seu tempo ...<\/p>\n<hr \/>\n<p>Ficha T\u00e9cnica:<br \/>\nProdu\u00e7\u00e3o musical e Mix: Richard Neves<br \/>\nMasteriza\u00e7\u00e3o: Andr\u00e9 Cabelo | Engenho Est\u00fadio<\/p>\n<\/div>\n<\/div><\/div><\/div><\/div><div id=\"pgc-w60cfb9cec96f5-1-1\"  class=\"panel-grid-cell\" ><div id=\"panel-w60cfb9cec96f5-1-1-0\" class=\"so-panel widget widget_sow-editor panel-first-child panel-last-child\" data-index=\"4\" ><div style=\"text-align: left;\" data-title-color=\"#443f3f\" data-headings-color=\"#443f3f\" class=\"panel-widget-style panel-widget-style-for-w60cfb9cec96f5-1-1-0\" ><div\n\t\t\t\n\t\t\tclass=\"so-widget-sow-editor so-widget-sow-editor-base\"\n\t\t\t\n\t\t><h3 class=\"widget-title\">05 - Negra \u00e9 Linda<\/h3>\n<div class=\"siteorigin-widget-tinymce textwidget\">\n\t<p>Inspirada no Poder Negro da Beleza, onde mulheres foram as grandes protagonistas dessa luta<br \/>\npela afirma\u00e7\u00e3o est\u00e9tica, Black is Beautiful, reverencia e exalta a beleza negra enquanto<br \/>\nafirma\u00e7\u00e3o de nossa identidade.<br \/>\n\"Black is Beautiful\" movimento cultural iniciado nos Estados Unidos, na d\u00e9cada de 1960, por<br \/>\nafro-americanos caracterizou-se pelo resgate da identidade e autoestima do povo preto, e pela<br \/>\nvaloriza\u00e7\u00e3o da cultura negra baseado em uma luta por uma percep\u00e7\u00e3o igual do corpo negro<br \/>\npara ajudar a desfazer todas as id\u00e9ias negativas trazidas por uma hist\u00f3ria baseada na<br \/>\nsupremacia branca. Espalhou-se para al\u00e9m dos EUA com os escritos do Movimento de<br \/>\nConsci\u00eancia Negra de Stephen Bantu Biko, na \u00c1frica do Sul , onde a luta an\u00e1loga era muito<br \/>\nmais b\u00e1sica, onde o Black is Beautiful de Biko significava algo como \u201cvoc\u00ea tem que olhar para si<br \/>\nmesmo como um ser humano e aceitar a si mesmo como voc\u00ea \u00e9.<br \/>\nNo Brasil o movimento ficou conhecido como \"Negro \u00e9 Lindo\", exalta\u00e7\u00e3o presente em obras<br \/>\ncomo as de Jorge Ben, \u00e9 mais que um g\u00eanero espec\u00edfico, estas tr\u00eas letras simbolizam uma<br \/>\ninstitui\u00e7\u00e3o.<\/p>\n<p>Negra \u00e9 Linda!<\/p>\n<p><strong>Letra:<\/strong><br \/>\nParece que foi ontem que meu olhar parou no seu<br \/>\nLhe chamei pra dan\u00e7ar, colei meu beijo nos l\u00e1bios seus<br \/>\nE de m\u00e3os dadas sa\u00edmos para ver o sol,<br \/>\nOlhei pra voc\u00ea e pensei\u2026<br \/>\nAi meu Deus que N\u00eaga...<br \/>\nAi Meu Deus que N\u00eaga...<br \/>\nAi meu Deus que Negra linda<\/p>\n<p>Black is Beautiful!<br \/>\nVem menina de tran\u00e7a,<br \/>\nRasta, Black Power<br \/>\ntanto faz<br \/>\nVem matar essa saudade,<br \/>\nDo seu jeito, do seu cheiro, do seu beijo<br \/>\nDo seu cheiro, do seu beijo, do seu jeito,<br \/>\nDo seu beijo, do seu jeito,do seu cheiro,<br \/>\nQue me invade, n\u00e3o me deixa em paz<br \/>\nCola sua estrada na minha,<br \/>\nvem pra bem perto de mim.<br \/>\nJ\u00e1 cansei de marcar o calend\u00e1rio,<br \/>\nde falar e voc\u00ea n\u00e3o poder me ouvir.<br \/>\nCola sua estrada na minha,<br \/>\nvem pra bem perto de mim.<br \/>\nJ\u00e1 cansei de marcar o calend\u00e1rio<br \/>\nde falar e voc\u00ea n\u00e3o poder me ouvir.<br \/>\nNegra linda!<br \/>\nNegra linda!<br \/>\nNegra linda!<\/p>\n<p>Numa noite de sonho puro Jazz,<br \/>\num beijo venenoso voc\u00ea me deu.<br \/>\nNuma noite estrelas no c\u00e9u,<br \/>\nMomento inesquec\u00edvel!<br \/>\nNuma noite de sonho puro Jazz,<br \/>\num beijo venenoso voc\u00ea me deu.<br \/>\nNuma noite estrelas no c\u00e9u,<br \/>\nMomento inesquec\u00edvel!<br \/>\nNegra linda!<br \/>\nNegra linda!<br \/>\nNegra linda!<br \/>\nBlack is Beautiful<\/p>\n<p>Negra linda!<br \/>\nNegra linda!<br \/>\nNegra linda!<br \/>\nBlack is Beautiful<\/p>\n<p>Negra linda!<br \/>\nNegra linda!<br \/>\nNegra linda!<br \/>\nBlack is Beautiful!<\/p>\n<p>Negra linda!<br \/>\nBlack is Beautiful!<br \/>\nBlack is Beautiful!<br \/>\nBlack is Beautiful!<br \/>\nNegra linda!<br \/>\nNegra linda!<br \/>\nNegra linda!<\/p>\n<hr \/>\n<p><strong>Ficha t\u00e9cnica:<\/strong><br \/>\nVocal, viol\u00e3o e reco reco: Luiza da Iola<br \/>\nAcordeon: Iara Andrade<br \/>\nGuitarra: Gustavo Cunha<br \/>\nBaixo: Miguel Javaral<br \/>\nDire\u00e7\u00e3o Musical, produ\u00e7\u00e3o musical, mixagem: Miguel Javaral<\/p>\n<\/div>\n<\/div><\/div><\/div><\/div><div id=\"pgc-w60cfb9cec96f5-1-2\"  class=\"panel-grid-cell\" ><div id=\"panel-w60cfb9cec96f5-1-2-0\" class=\"so-panel widget widget_sow-editor panel-first-child panel-last-child\" data-index=\"5\" ><div style=\"text-align: left;\" data-title-color=\"#443f3f\" data-headings-color=\"#443f3f\" class=\"panel-widget-style panel-widget-style-for-w60cfb9cec96f5-1-2-0\" ><div\n\t\t\t\n\t\t\tclass=\"so-widget-sow-editor so-widget-sow-editor-base\"\n\t\t\t\n\t\t><h3 class=\"widget-title\">06 - Mas eu Voltei<\/h3>\n<div class=\"siteorigin-widget-tinymce textwidget\">\n\t<p>Composta em 2015 e produzida em 2016 \u00e9 o som de quem volta ao lar depois de anos de<br \/>\nex\u00edlio, um pedido de perd\u00e3o pelo auto abandono, pelo descuido consigo mesma. Um<br \/>\nreconciliar- me, morando de volta no meu corpo e fazendo votos de fidelidade e<br \/>\ncomprometimento eterno com o auto cuidado. Com as b\u00ean\u00e7\u00e3os de NOSSA SENHORA DO<br \/>\nROS\u00c1RIO a m\u00fasica \u00e9 um reinar sobre mim mesma, um honrar a todas que vieram antes, um<br \/>\nser senhora do meu destino e um vir a ser Rainha do meu pr\u00f3prio mundo.<\/p>\n<p><strong>Letra:<\/strong><\/p>\n<p>Mas eu voltei<br \/>\nmeu bem<br \/>\nVoltei pra casa<br \/>\nE desta vez<br \/>\nmeu bem<br \/>\nVim pra ficar<br \/>\nDesculpa meu amor<br \/>\nvoltei sem nada<br \/>\n\u00c9 que gastei todos os bens<br \/>\nL\u00e1 fora<br \/>\ncom outra coisa<br \/>\noutra pessoa<br \/>\nMas eu voltei<br \/>\nE juro ser fiel<br \/>\nao nosso encontro<br \/>\nAmar-te<br \/>\ne respeitar-te<br \/>\nAt\u00e9 o fim<br \/>\nNa sa\u00fade<br \/>\nna doen\u00e7a<br \/>\nNa alegria<br \/>\nou tristeza<br \/>\nNa riqueza<br \/>\nou pobreza<br \/>\nAt\u00e9 o fim<\/p>\n<p>Voltei pra casa<br \/>\nVoltei pra mim<br \/>\nVoltei pra casa<br \/>\nEu voltei , eu voltei<br \/>\nVoltei pra casa<br \/>\nEu voltei, eu voltei<br \/>\neu voltei, eu voltei<br \/>\nA morar<br \/>\nA morar<br \/>\nem mim<br \/>\nMas eu voltei<br \/>\nmeu bem<br \/>\nVoltei pra casa<\/p>\n<p>E juro ser fiel<br \/>\nao nosso encontro<br \/>\nAmar-te<br \/>\ne respeitar-te<br \/>\nAt\u00e9 o fim<br \/>\nNa sa\u00fade<br \/>\nna doen\u00e7a<br \/>\nNa alegria<br \/>\nou tristeza<br \/>\nNa riqueza<br \/>\nou pobreza<br \/>\nAt\u00e9 o fim<\/p>\n<p>Voltei pra casa<br \/>\nVoltei pra mim<br \/>\nVoltei pra casa<br \/>\nEu voltei , eu voltei<br \/>\nVoltei pra casa<br \/>\nEu voltei, eu voltei<br \/>\neu voltei, eu voltei<br \/>\nA morar<br \/>\nA morar<br \/>\nem mim<br \/>\nem mim<br \/>\nVoltei pra casa<br \/>\nVoltei pra mim<br \/>\nVoltei pra casa<br \/>\nEu voltei , eu voltei<br \/>\nVoltei pra casa<br \/>\nEu voltei, eu voltei<br \/>\neu voltei, eu voltei<br \/>\na morar<br \/>\na morar<br \/>\nem mim<br \/>\nem mim<br \/>\nem mim<\/p>\n<p>L\u00e1 do c\u00e9u<br \/>\ninvem descendo uma coroa<br \/>\n\u00e9 a coroa da Virgem da Gl\u00f3ria<br \/>\nvamos receber ela com jeito<br \/>\noh meu filho<br \/>\nessa coroa \u00e9 de Nossa Senhora<\/p>\n<hr \/>\n<p><strong>Ficha T\u00e9cnica:<\/strong><br \/>\nLetra, M\u00fasica e Vocal: Luiza da Iola<br \/>\nGuitarras: Pedro Oliveira<br \/>\nGuitarra e Beatmaker: Miguel Javaral<br \/>\nProdu\u00e7\u00e3o e Dire\u00e7\u00e3o Musical: Miguel Javaral<br \/>\nGrava\u00e7\u00e3o, Mixagem: Miguel Javaral<br \/>\nMasteriza\u00e7\u00e3o: Chris Quites<\/p>\n<\/div>\n<\/div><\/div><\/div><\/div><\/div><\/div><\/div><\/div><\/div><\/div><\/div><\/div><\/div>","protected":false},"excerpt":{"rendered":"<p>OUVIR Ensaio Documental&nbsp; &#8211; Vila Nossa Senhora Aparecida Aglomerado da Serra\/ BH Fotos: Matheus Andres Do quimbundo pambu, no plural jipambu. Palavra [&hellip;]<\/p>\n","protected":false},"author":1,"featured_media":0,"parent":0,"menu_order":0,"comment_status":"closed","ping_status":"closed","template":"page-templates\/page_front-page.php","meta":{"ngg_post_thumbnail":0,"footnotes":""},"class_list":["post-339","page","type-page","status-publish","hentry"],"_links":{"self":[{"href":"https:\/\/luizadaiola.com\/index.php\/wp-json\/wp\/v2\/pages\/339","targetHints":{"allow":["GET"]}}],"collection":[{"href":"https:\/\/luizadaiola.com\/index.php\/wp-json\/wp\/v2\/pages"}],"about":[{"href":"https:\/\/luizadaiola.com\/index.php\/wp-json\/wp\/v2\/types\/page"}],"author":[{"embeddable":true,"href":"https:\/\/luizadaiola.com\/index.php\/wp-json\/wp\/v2\/users\/1"}],"replies":[{"embeddable":true,"href":"https:\/\/luizadaiola.com\/index.php\/wp-json\/wp\/v2\/comments?post=339"}],"version-history":[{"count":104,"href":"https:\/\/luizadaiola.com\/index.php\/wp-json\/wp\/v2\/pages\/339\/revisions"}],"predecessor-version":[{"id":815,"href":"https:\/\/luizadaiola.com\/index.php\/wp-json\/wp\/v2\/pages\/339\/revisions\/815"}],"wp:attachment":[{"href":"https:\/\/luizadaiola.com\/index.php\/wp-json\/wp\/v2\/media?parent=339"}],"curies":[{"name":"wp","href":"https:\/\/api.w.org\/{rel}","templated":true}]}}