{"id":269,"date":"2021-04-28T14:57:08","date_gmt":"2021-04-28T17:57:08","guid":{"rendered":"http:\/\/luizadaiola.com\/?page_id=269"},"modified":"2026-03-31T12:42:59","modified_gmt":"2026-03-31T15:42:59","slug":"interioranas-2020","status":"publish","type":"page","link":"https:\/\/luizadaiola.com\/index.php\/interioranas-2020\/","title":{"rendered":"INTERIORANAS (2020)"},"content":{"rendered":"<div id=\"pl-269\"  class=\"panel-layout\" ><div id=\"pg-269-0\"  class=\"panel-grid panel-has-style\" ><div class=\"siteorigin-panels-stretch panel-row-style panel-row-style-for-269-0\" style=\"padding: 100px 0; \" data-stretch-type=\"full\" data-overlay=\"true\" data-overlay-color=\"#000000\" ><div id=\"pgc-269-0-0\"  class=\"panel-grid-cell\" ><div id=\"panel-269-0-0-0\" class=\"so-panel widget widget_sow-editor panel-first-child panel-last-child\" data-index=\"0\" ><div style=\"text-align: left;\" data-title-color=\"#443f3f\" data-headings-color=\"#443f3f\" class=\"panel-widget-style panel-widget-style-for-269-0-0-0\" ><div\n\t\t\t\n\t\t\tclass=\"so-widget-sow-editor so-widget-sow-editor-base\"\n\t\t\t\n\t\t>\n<div class=\"siteorigin-widget-tinymce textwidget\">\n\t<p><a href=\"https:\/\/tratore.ffm.to\/interioranas\"><img decoding=\"async\" class=\"size-full wp-image-266 alignnone\" src=\"http:\/\/luizadaiola.com\/wp-content\/uploads\/2021\/04\/capa-INTERIORANAS.jpeg\" alt=\"\" width=\"230\" height=\"230\" srcset=\"https:\/\/luizadaiola.com\/wp-content\/uploads\/2021\/04\/capa-INTERIORANAS.jpeg 230w, https:\/\/luizadaiola.com\/wp-content\/uploads\/2021\/04\/capa-INTERIORANAS-150x150.jpeg 150w\" sizes=\"(max-width: 230px) 100vw, 230px\" \/><\/a><\/p>\n<p style=\"text-align: left;\"><a href=\"https:\/\/tratore.ffm.to\/interioranas\">OUVIR<\/a><\/p>\n<\/div>\n<\/div><\/div><\/div><\/div><div id=\"pgc-269-0-1\"  class=\"panel-grid-cell\" ><div id=\"panel-269-0-1-0\" class=\"so-panel widget widget_sow-editor panel-first-child panel-last-child\" data-index=\"1\" ><div style=\"text-align: left;\" data-title-color=\"#443f3f\" data-headings-color=\"#443f3f\" class=\"panel-widget-style panel-widget-style-for-269-0-1-0\" ><div\n\t\t\t\n\t\t\tclass=\"so-widget-sow-editor so-widget-sow-editor-base\"\n\t\t\t\n\t\t><h3 class=\"widget-title\">INTERIORANAS (2020)<\/h3>\n<div class=\"siteorigin-widget-tinymce textwidget\">\n\t<p>O EP Interioranas consiste no encontro das melodias afro-mineiras e universais da cantautora\u00a0Luiza\u00a0da Iola com as palavras da poeta da oralidade N\u00edvea Sabino. Engrossam o som das quatro can\u00e7\u00f5es existenciais e engajadas \u2013 nascidas das viv\u00eancias do interior de Minas e do interior das almas \u2013 a riqueza r\u00edtmica de tr\u00eas percussionistas afro, as veteranas da cena belorizontina Jhay Dias (Swing Safado), Laiza Lamara (Tapa de Minas) e Vicki Ori (Bloco Kizomba), e o tempero alternativo da guitarra de Gustavo Cunha (Iconili) e do baixo de Miguel Javaral (\u00fc). As faixas, produzidas por Henrique Staino (Fusile; Graveola), contam tamb\u00e9m com a participa\u00e7\u00e3o especial do trompete jazz\u00edstico de Juventino Dias (Babadan Banda de Rua) e do backing vocal de sabor R&amp;B de Michelle Oliveira (Cromossomo Africano).<\/p>\n<p>FICHA T\u00c9CNICA<br \/>\nVocal:\u00a0Luiza\u00a0da Iola<br \/>\nVoz: N\u00edvea Sabino<br \/>\nBacking vocal : Michelle Oliveira<br \/>\nPercuss\u00f5es: Jhay Dias, Laiza Lamara, Vicki Ori<br \/>\nGuitarra: Gustavo Cunha<br \/>\nBaixo: Miguel Javaral<br \/>\nParticipa\u00e7\u00f5es especiais:<br \/>\nTrompete: Juventino Dias<br \/>\nBacking vocal: Michelle Oliveira<br \/>\nDire\u00e7\u00e3o Musical: Miguel Javaral<br \/>\nProdu\u00e7\u00e3o Musical | Grava\u00e7\u00e3o | Mixagem : Henrique Staino (Est\u00fadio Morada)<br \/>\nMasteriza\u00e7\u00e3o: Chris Quites ( Psicoff )<br \/>\nInterpreta\u00e7\u00e3o Libras: Marina Evaristo<br \/>\nRealiza\u00e7\u00e3o Audiovisual: Kau Varogh e Mont\u00edvia<br \/>\nAgradecimentos: Ronald Nascimento e Studio Beco<\/p>\n<\/div>\n<\/div><\/div><\/div><\/div><\/div><\/div><\/div>","protected":false},"excerpt":{"rendered":"<p>OUVIR O EP Interioranas consiste no encontro das melodias afro-mineiras e universais da cantautora\u00a0Luiza\u00a0da Iola com as palavras da poeta da oralidade [&hellip;]<\/p>\n","protected":false},"author":1,"featured_media":0,"parent":0,"menu_order":0,"comment_status":"closed","ping_status":"closed","template":"page-templates\/page_front-page.php","meta":{"ngg_post_thumbnail":0,"footnotes":""},"class_list":["post-269","page","type-page","status-publish","hentry"],"_links":{"self":[{"href":"https:\/\/luizadaiola.com\/index.php\/wp-json\/wp\/v2\/pages\/269","targetHints":{"allow":["GET"]}}],"collection":[{"href":"https:\/\/luizadaiola.com\/index.php\/wp-json\/wp\/v2\/pages"}],"about":[{"href":"https:\/\/luizadaiola.com\/index.php\/wp-json\/wp\/v2\/types\/page"}],"author":[{"embeddable":true,"href":"https:\/\/luizadaiola.com\/index.php\/wp-json\/wp\/v2\/users\/1"}],"replies":[{"embeddable":true,"href":"https:\/\/luizadaiola.com\/index.php\/wp-json\/wp\/v2\/comments?post=269"}],"version-history":[{"count":10,"href":"https:\/\/luizadaiola.com\/index.php\/wp-json\/wp\/v2\/pages\/269\/revisions"}],"predecessor-version":[{"id":602,"href":"https:\/\/luizadaiola.com\/index.php\/wp-json\/wp\/v2\/pages\/269\/revisions\/602"}],"wp:attachment":[{"href":"https:\/\/luizadaiola.com\/index.php\/wp-json\/wp\/v2\/media?parent=269"}],"curies":[{"name":"wp","href":"https:\/\/api.w.org\/{rel}","templated":true}]}}

<div id="pl-269"  class="panel-layout" ><div id="pg-269-0"  class="panel-grid panel-has-style" ><div class="siteorigin-panels-stretch panel-row-style panel-row-style-for-269-0" style="padding: 100px 0; " data-stretch-type="full" data-overlay="true" data-overlay-color="#000000" ><div id="pgc-269-0-0"  class="panel-grid-cell" ><div id="panel-269-0-0-0" class="so-panel widget widget_sow-editor panel-first-child panel-last-child" data-index="0" ><div style="text-align: left;" data-title-color="#443f3f" data-headings-color="#443f3f" class="panel-widget-style panel-widget-style-for-269-0-0-0" ><div
			
			class="so-widget-sow-editor so-widget-sow-editor-base"
			
		>
<div class="siteorigin-widget-tinymce textwidget">
	<p><a href="https://tratore.ffm.to/interioranas"><img decoding="async" class="size-full wp-image-266 alignnone" src="http://luizadaiola.com/wp-content/uploads/2021/04/capa-INTERIORANAS.jpeg" alt="" width="230" height="230" srcset="https://luizadaiola.com/wp-content/uploads/2021/04/capa-INTERIORANAS.jpeg 230w, https://luizadaiola.com/wp-content/uploads/2021/04/capa-INTERIORANAS-150x150.jpeg 150w" sizes="(max-width: 230px) 100vw, 230px" /></a></p>
<p style="text-align: left;"><a href="https://tratore.ffm.to/interioranas">OUVIR</a></p>
</div>
</div></div></div></div><div id="pgc-269-0-1"  class="panel-grid-cell" ><div id="panel-269-0-1-0" class="so-panel widget widget_sow-editor panel-first-child panel-last-child" data-index="1" ><div style="text-align: left;" data-title-color="#443f3f" data-headings-color="#443f3f" class="panel-widget-style panel-widget-style-for-269-0-1-0" ><div
			
			class="so-widget-sow-editor so-widget-sow-editor-base"
			
		><h3 class="widget-title">INTERIORANAS (2020)</h3>
<div class="siteorigin-widget-tinymce textwidget">
	<p>O EP Interioranas consiste no encontro das melodias afro-mineiras e universais da cantautora Luiza da Iola com as palavras da poeta da oralidade Nívea Sabino. Engrossam o som das quatro canções existenciais e engajadas – nascidas das vivências do interior de Minas e do interior das almas – a riqueza rítmica de três percussionistas afro, as veteranas da cena belorizontina Jhay Dias (Swing Safado), Laiza Lamara (Tapa de Minas) e Vicki Ori (Bloco Kizomba), e o tempero alternativo da guitarra de Gustavo Cunha (Iconili) e do baixo de Miguel Javaral (ü). As faixas, produzidas por Henrique Staino (Fusile; Graveola), contam também com a participação especial do trompete jazzístico de Juventino Dias (Babadan Banda de Rua) e do backing vocal de sabor R&amp;B de Michelle Oliveira (Cromossomo Africano).</p>
<p>FICHA TÉCNICA<br />
Vocal: Luiza da Iola<br />
Voz: Nívea Sabino<br />
Backing vocal : Michelle Oliveira<br />
Percussões: Jhay Dias, Laiza Lamara, Vicki Ori<br />
Guitarra: Gustavo Cunha<br />
Baixo: Miguel Javaral<br />
Participações especiais:<br />
Trompete: Juventino Dias<br />
Backing vocal: Michelle Oliveira<br />
Direção Musical: Miguel Javaral<br />
Produção Musical | Gravação | Mixagem : Henrique Staino (Estúdio Morada)<br />
Masterização: Chris Quites ( Psicoff )<br />
Interpretação Libras: Marina Evaristo<br />
Realização Audiovisual: Kau Varogh e Montívia<br />
Agradecimentos: Ronald Nascimento e Studio Beco</p>
</div>
</div></div></div></div></div></div></div>
