{"id":256,"date":"2021-04-28T14:28:54","date_gmt":"2021-04-28T17:28:54","guid":{"rendered":"http:\/\/luizadaiola.com\/?page_id=256"},"modified":"2021-06-19T15:37:57","modified_gmt":"2021-06-19T18:37:57","slug":"mas-eu-voltei-2018","status":"publish","type":"page","link":"https:\/\/luizadaiola.com\/index.php\/mas-eu-voltei-2018\/","title":{"rendered":"MAS EU VOLTEI (2018)"},"content":{"rendered":"<div id=\"pl-256\"  class=\"panel-layout\" ><div id=\"pg-256-0\"  class=\"panel-grid panel-has-style\" ><div class=\"siteorigin-panels-stretch panel-row-style panel-row-style-for-256-0\" style=\"padding: 100px 0; \" data-stretch-type=\"full\" data-overlay=\"true\" data-overlay-color=\"#000000\" ><div id=\"pgc-256-0-0\"  class=\"panel-grid-cell\" ><div id=\"panel-256-0-0-0\" class=\"so-panel widget widget_sow-editor panel-first-child panel-last-child\" data-index=\"0\" ><div style=\"text-align: left;\" data-title-color=\"#443f3f\" data-headings-color=\"#443f3f\" class=\"panel-widget-style panel-widget-style-for-256-0-0-0\" ><div\n\t\t\t\n\t\t\tclass=\"so-widget-sow-editor so-widget-sow-editor-base\"\n\t\t\t\n\t\t>\n<div class=\"siteorigin-widget-tinymce textwidget\">\n\t<p><iframe src=\"https:\/\/open.spotify.com\/embed\/album\/5JiVJj2t8fIEXzOZi25mJU\" width=\"300\" height=\"380\" frameborder=\"0\"><\/iframe><\/p>\n<\/div>\n<\/div><\/div><\/div><\/div><div id=\"pgc-256-0-1\"  class=\"panel-grid-cell\" ><div id=\"panel-256-0-1-0\" class=\"so-panel widget widget_sow-editor panel-first-child panel-last-child\" data-index=\"1\" ><div style=\"text-align: left;\" data-title-color=\"#443f3f\" data-headings-color=\"#443f3f\" class=\"panel-widget-style panel-widget-style-for-256-0-1-0\" ><div\n\t\t\t\n\t\t\tclass=\"so-widget-sow-editor so-widget-sow-editor-base\"\n\t\t\t\n\t\t><h3 class=\"widget-title\">MAS EU VOLTEI (2018)<\/h3>\n<div class=\"siteorigin-widget-tinymce textwidget\">\n\t<p>A ben\u00e7\u00e3o \u00e0s mais velhas, a ben\u00e7\u00e3o \u00e0s mais novas, pe\u00e7o-lhes licen\u00e7a pra chegar!<\/p>\n<p>O EP MAS EU VOLTEI \u00e9 o resultado de produ\u00e7\u00f5es feitas no per\u00edodo de hiato, enquanto fazia uma longa jornada em busca de mim mesma, minhas ra\u00edzes, minha identidade, minha hist\u00f3ria e minha miss\u00e3o no mundo. Foram dois anos de busca intensa e incessante de respostas, em meio a arrebatamentos, batalhas e priva\u00e7\u00f5es entre o final de 2016 at\u00e9 o in\u00edcio de 2018. SANKOFA \u201cnunca \u00e9 tarde para voltar e apanhar aquilo que ficou atr\u00e1s\u201d sintetiza todo o significado desse per\u00edodo.<\/p>\n<p>MAS EU VOLTEI \u00e9 um mergulho no passado ressignificando hist\u00f3rias, um retorno que realinha o presente e recria um agora que refletir\u00e1 no futuro.<\/p>\n<p>Agrade\u00e7o imensamente a todos encontros que tive que me transformaram e me proporcionaram chegar at\u00e9 aqui. Agrade\u00e7o cada m\u00e3o estendida ao meu favor e em favor da minha arte. Ao fazer e constru\u00e7\u00e3o coletiva que permearam todo esse processo de produ\u00e7\u00e3o, feito por muitas m\u00e3os, por muitas parcerias de vida e de of\u00edcio. A todos que colaboraram direta ou indiretamente na conclus\u00e3o deste trabalho o meu forte<br \/>\nabra\u00e7o em agradecimento a tanto amor e amizade envolvidos.<\/p>\n<p>Dedico esse trabalho em louvor a minha grande M\u00c3E ANCESTRAL . Em honra \u00e0 Mem\u00f3ria de L\u00facia Maria de Oliveira e Elvira de Oliveira minhas m\u00e3es. E \u00e0s meninas, mulheres e senhoras pretas que vieram antes de mim, que comungam do mesmo tempo que eu e das que vir\u00e3o.<\/p>\n<\/div>\n<\/div><\/div><\/div><\/div><\/div><\/div><div id=\"pg-256-1\"  class=\"panel-grid panel-has-style\" ><div class=\"siteorigin-panels-stretch panel-row-style panel-row-style-for-256-1\" style=\"padding: -60px 0; \" data-stretch-type=\"full\" data-overlay=\"true\" data-overlay-color=\"#000000\" ><div id=\"pgc-256-1-0\"  class=\"panel-grid-cell\" ><div id=\"panel-256-1-0-0\" class=\"so-panel widget widget_sow-editor panel-first-child panel-last-child\" data-index=\"2\" ><div style=\"text-align: left;\" data-title-color=\"#443f3f\" data-headings-color=\"#443f3f\" class=\"panel-widget-style panel-widget-style-for-256-1-0-0\" ><div\n\t\t\t\n\t\t\tclass=\"so-widget-sow-editor so-widget-sow-editor-base\"\n\t\t\t\n\t\t><h3 class=\"widget-title\">01 - Mas eu Voltei<\/h3>\n<div class=\"siteorigin-widget-tinymce textwidget\">\n\t<p style=\"text-align: justify;\">A can\u00e7\u00e3o MAS EU VOLTEI que d\u00e1 t\u00edtulo ao EP composta em 2016 e produzida em 2017 \u00e9 o som de quem volta ao lar depois de anos de ex\u00edlio, um pedido de perd\u00e3o pelo auto abandono, pelo descuido consigo mesma. Um reconciliar- me, morando de volta no meu corpo e fazendo votos de fidelidade e comprometimento eterno com o auto cuidado. Com as ben\u00e7\u00e3os de NOSSA SENHORA DO ROS\u00c1RIO a m\u00fasica \u00e9 um reinar sobre mim mesma, um honrar a todas que vieram antes, um ser senhora do meu destino e um vir a ser Rainha do meu pr\u00f3prio mundo.<\/p>\n<p style=\"text-align: justify;\"><b>Letra<\/b><span style=\"font-weight: 400;\">:<br \/>\n<\/span><span style=\"font-weight: 400;\">Mas eu voltei meu bem<br \/>\n<\/span><span style=\"font-weight: 400;\">Voltei pra casa<br \/>\n<\/span><span style=\"font-weight: 400;\">Mas dessa vez meu bem<br \/>\n<\/span><span style=\"font-weight: 400;\">Vim pra ficar<\/span><\/p>\n<p style=\"text-align: justify;\"><span style=\"font-weight: 400;\">Desculpe meu amor voltei sem nada<br \/>\n<\/span><span style=\"font-weight: 400;\">\u00c9 que gastei todos os bens<br \/>\n<\/span><span style=\"font-weight: 400;\">L\u00e1 fora, com outra coisa, outra pessoa,<br \/>\n<\/span><span style=\"font-weight: 400;\">Mas eu voltei \u00a0<\/span><\/p>\n<p style=\"text-align: justify;\"><span style=\"font-weight: 400;\">E juro ser fiel ao nosso encontro<br \/>\n<\/span><span style=\"font-weight: 400;\">Amar-te e respeitar-te<br \/>\n<\/span><span style=\"font-weight: 400;\">At\u00e9 o fim<br \/>\n<\/span><span style=\"font-weight: 400;\">Na sa\u00fade, na doen\u00e7a<br \/>\n<\/span><span style=\"font-weight: 400;\">Na alegria ou tristeza<br \/>\n<\/span><span style=\"font-weight: 400;\">Na riqueza ou pobreza<br \/>\n<\/span><span style=\"font-weight: 400;\">At\u00e9 o fim<\/span><span style=\"font-weight: 400;\">\u00a0 \u00a0 \u00a0 \u00a0 \u00a0<\/span><\/p>\n<p style=\"text-align: justify;\"><span style=\"font-weight: 400;\">Voltei pra casa<br \/>\n<\/span><span style=\"font-weight: 400;\">Voltei pra mim<br \/>\n<\/span><span style=\"font-weight: 400;\">Voltei pra casa<br \/>\n<\/span><span style=\"font-weight: 400;\">Eu voltei<br \/>\n<\/span><span style=\"font-weight: 400;\">a morar em mim<\/span><\/p>\n<hr \/>\n<p style=\"text-align: justify;\"><strong>Ficha T\u00e9cnica:<br \/>\n<\/strong>Letra, M\u00fasica e Vocal : Luiza da Iola<br \/>\nGuitarras: Pedro Oliveira<br \/>\nGuitarra e Beatmaker: Miguel Javaral<br \/>\nProdu\u00e7\u00e3o e Dire\u00e7\u00e3o Musical: Miguel Javaral<br \/>\nGrava\u00e7\u00e3o, Mixagem e Masteriza\u00e7\u00e3o: Miguel Javaral<\/p>\n<\/div>\n<\/div><\/div><\/div><\/div><div id=\"pgc-256-1-1\"  class=\"panel-grid-cell\" ><div id=\"panel-256-1-1-0\" class=\"so-panel widget widget_sow-editor panel-first-child panel-last-child\" data-index=\"3\" ><div style=\"text-align: left;\" data-title-color=\"#443f3f\" data-headings-color=\"#443f3f\" class=\"panel-widget-style panel-widget-style-for-256-1-1-0\" ><div\n\t\t\t\n\t\t\tclass=\"so-widget-sow-editor so-widget-sow-editor-base\"\n\t\t\t\n\t\t><h3 class=\"widget-title\">02 - N\u00eaga (Part. Babu)<\/h3>\n<div class=\"siteorigin-widget-tinymce textwidget\">\n\t<p style=\"text-align: justify;\">N\u00caGA, single lan\u00e7ado juntamente com o clipe, composto e produzido em 2017, reflete o trabalho de pesquisa sobre as influ\u00eancias da m\u00fasica africana na m\u00fasica americana e traz nas batidas a refer\u00eancia do g\u00eanero musical Kizomba origin\u00e1rio de Angola . Ao mesmo tempo que faz um convite para a dan\u00e7a, tamb\u00e9m prop\u00f5e uma reflex\u00e3o sobre diversidade de g\u00eanero e a compreens\u00e3o do afeto Afrocentrado como forma de resist\u00eancia.<strong><span style=\"font-weight: 400;\"><br \/>\n<\/span><\/strong><\/p>\n<p style=\"text-align: justify;\"><strong>Letra:<br \/>\n<\/strong>Ai N\u00eaga \u00a0a minha boca anda seca de um beijo teu<br \/>\nAi ai N\u00eaga j\u00e1 tem dias que teu nome n\u00e3o sai da minha cabe\u00e7a<br \/>\nAi N\u00eaga eu ando vendo teu rosto em cada face<br \/>\nSentindo teu cheiro em toda parte<br \/>\nSonhando em te encontrar<\/p>\n<p style=\"text-align: justify;\">Ai N\u00eaga n\u00e3o nega<br \/>\nEsse meu bem querer<br \/>\nAi N\u00eaga vem depressa<br \/>\nVem que t\u00f4 louca<br \/>\npra te ver<\/p>\n<p style=\"text-align: justify;\"><em>Repete tudo<\/em><br \/>\nAi N\u00eago ...<\/p>\n<hr \/>\n<p style=\"text-align: justify;\"><strong>Ficha T\u00e9cnica:<br \/>\n<\/strong>Vocais: Luiza da Iola e Babu<br \/>\nBateria e Percuss\u00e3o: Juninho Percussa<br \/>\nBaixo: Miguel Javaral<br \/>\nGuitarra: Pedro Oliveira<br \/>\nProdu\u00e7\u00e3o e Dire\u00e7\u00e3o Musical: Miguel Javaral<br \/>\nGrava\u00e7\u00e3o, Mixagem e Masteriza\u00e7\u00e3o: Miguel Javaral<\/p>\n<\/div>\n<\/div><\/div><\/div><\/div><div id=\"pgc-256-1-2\"  class=\"panel-grid-cell\" ><div id=\"panel-256-1-2-0\" class=\"so-panel widget widget_sow-editor panel-first-child panel-last-child\" data-index=\"4\" ><div style=\"text-align: left;\" data-title-color=\"#443f3f\" data-headings-color=\"#443f3f\" class=\"panel-widget-style panel-widget-style-for-256-1-2-0\" ><div\n\t\t\t\n\t\t\tclass=\"so-widget-sow-editor so-widget-sow-editor-base\"\n\t\t\t\n\t\t><h3 class=\"widget-title\">03 - Brincar de ir embora<\/h3>\n<div class=\"siteorigin-widget-tinymce textwidget\">\n\t<p style=\"text-align: justify;\">O remix de BRINCAR DE IR EMBORA, composta em 2003, ganha uma nova roupagem com a participa\u00e7\u00e3o do pesquisador musical e Beatmaker C\u00e9lio Sor\u00f3. Trazendo no Bass a influ\u00eancia da Soul Music g\u00eanero musical dos Estados Unidos que nasceu do rhythm and blues e do gospel durante o final da d\u00e9cada de 1950 e in\u00edcio da d\u00e9cada de 1960 entre os negros. Esse uso apareceu justamente numa \u00e9poca de v\u00e1rios movimentos sociais, tanto com a revolu\u00e7\u00e3o dos jovens, como os movimentos antiguerra e antirracistas. Por consequ\u00eancia, a m\u00fasica soul nada mais era que uma refer\u00eancia \u00e0 m\u00fasica negra, independentemente de g\u00eanero. A produ\u00e7\u00e3o musical feita em 2016, ficou por conta do coach e produtor musical Walmir Ferreira.<\/p>\n<p style=\"text-align: justify;\"><strong>Letra:<br \/>\n<\/strong>Vamos brincar de ficar aqui<br \/>\nVendo o dia amanhecer<br \/>\nJ\u00e1 que n\u00e3o temos nada mais importante pra fazer<br \/>\nVamos brincar de caminhar junto<br \/>\nSem destino certo pra que ter rumo<br \/>\nSe vai se vai se esconder<br \/>\nSe \u00e9 t\u00e3o bom te encontrar<br \/>\nPra depois me perder<br \/>\nVamos brincar de enrolar a madrugada<br \/>\nTe fa\u00e7o dan\u00e7ar e cantar a noite inteira<br \/>\nQuando o sono chegar, deixo as luzes apagadas<br \/>\nPra ninar teus sonhos meu amor<br \/>\nDeixo as estrelas acesas<br \/>\nN\u00e3o quero ver o sol acordar<br \/>\nNem t\u00e3o cedo o dia nascer<br \/>\nPra que rel\u00f3gio pra despertar<br \/>\nSe o que mais quero \u00e9 perder a hora<br \/>\nDetesto essa brincadeira<br \/>\nDe te deixar<br \/>\nBrincar de ir embora<\/p>\n<hr \/>\n<p style=\"text-align: justify;\"><strong>Ficha T\u00e9cnica:<br \/>\n<\/strong>Letra e m\u00fasica: Luiza da Iola<br \/>\nVoz e viol\u00e3o: Luiza da Iola<br \/>\nBaixo: C\u00e9lio Sor\u00f3<br \/>\nTeclado: Walmir Ferreira<br \/>\nProdu\u00e7\u00e3o e Dire\u00e7\u00e3o Musical: Walmir \u00a0Ferreira<br \/>\nBateria Eletr\u00f4nica e Percuss\u00e3o: Walmir Ferreira<br \/>\nMixagem e masteriza\u00e7\u00e3o: Est\u00fadio M\u00fasica Mais<\/p>\n<\/div>\n<\/div><\/div><\/div><\/div><\/div><\/div><\/div>","protected":false},"excerpt":{"rendered":"<p>A ben\u00e7\u00e3o \u00e0s mais velhas, a ben\u00e7\u00e3o \u00e0s mais novas, pe\u00e7o-lhes licen\u00e7a pra chegar! O EP MAS EU VOLTEI \u00e9 o resultado [&hellip;]<\/p>\n","protected":false},"author":1,"featured_media":0,"parent":0,"menu_order":0,"comment_status":"closed","ping_status":"closed","template":"page-templates\/page_front-page.php","meta":{"ngg_post_thumbnail":0,"footnotes":""},"class_list":["post-256","page","type-page","status-publish","hentry"],"_links":{"self":[{"href":"https:\/\/luizadaiola.com\/index.php\/wp-json\/wp\/v2\/pages\/256","targetHints":{"allow":["GET"]}}],"collection":[{"href":"https:\/\/luizadaiola.com\/index.php\/wp-json\/wp\/v2\/pages"}],"about":[{"href":"https:\/\/luizadaiola.com\/index.php\/wp-json\/wp\/v2\/types\/page"}],"author":[{"embeddable":true,"href":"https:\/\/luizadaiola.com\/index.php\/wp-json\/wp\/v2\/users\/1"}],"replies":[{"embeddable":true,"href":"https:\/\/luizadaiola.com\/index.php\/wp-json\/wp\/v2\/comments?post=256"}],"version-history":[{"count":15,"href":"https:\/\/luizadaiola.com\/index.php\/wp-json\/wp\/v2\/pages\/256\/revisions"}],"predecessor-version":[{"id":605,"href":"https:\/\/luizadaiola.com\/index.php\/wp-json\/wp\/v2\/pages\/256\/revisions\/605"}],"wp:attachment":[{"href":"https:\/\/luizadaiola.com\/index.php\/wp-json\/wp\/v2\/media?parent=256"}],"curies":[{"name":"wp","href":"https:\/\/api.w.org\/{rel}","templated":true}]}}

<div id="pl-256"  class="panel-layout" ><div id="pg-256-0"  class="panel-grid panel-has-style" ><div class="siteorigin-panels-stretch panel-row-style panel-row-style-for-256-0" style="padding: 100px 0; " data-stretch-type="full" data-overlay="true" data-overlay-color="#000000" ><div id="pgc-256-0-0"  class="panel-grid-cell" ><div id="panel-256-0-0-0" class="so-panel widget widget_sow-editor panel-first-child panel-last-child" data-index="0" ><div style="text-align: left;" data-title-color="#443f3f" data-headings-color="#443f3f" class="panel-widget-style panel-widget-style-for-256-0-0-0" ><div
			
			class="so-widget-sow-editor so-widget-sow-editor-base"
			
		>
<div class="siteorigin-widget-tinymce textwidget">
	<p><iframe src="https://open.spotify.com/embed/album/5JiVJj2t8fIEXzOZi25mJU" width="300" height="380" frameborder="0"></iframe></p>
</div>
</div></div></div></div><div id="pgc-256-0-1"  class="panel-grid-cell" ><div id="panel-256-0-1-0" class="so-panel widget widget_sow-editor panel-first-child panel-last-child" data-index="1" ><div style="text-align: left;" data-title-color="#443f3f" data-headings-color="#443f3f" class="panel-widget-style panel-widget-style-for-256-0-1-0" ><div
			
			class="so-widget-sow-editor so-widget-sow-editor-base"
			
		><h3 class="widget-title">MAS EU VOLTEI (2018)</h3>
<div class="siteorigin-widget-tinymce textwidget">
	<p>A benção às mais velhas, a benção às mais novas, peço-lhes licença pra chegar!</p>
<p>O EP MAS EU VOLTEI é o resultado de produções feitas no período de hiato, enquanto fazia uma longa jornada em busca de mim mesma, minhas raízes, minha identidade, minha história e minha missão no mundo. Foram dois anos de busca intensa e incessante de respostas, em meio a arrebatamentos, batalhas e privações entre o final de 2016 até o início de 2018. SANKOFA “nunca é tarde para voltar e apanhar aquilo que ficou atrás” sintetiza todo o significado desse período.</p>
<p>MAS EU VOLTEI é um mergulho no passado ressignificando histórias, um retorno que realinha o presente e recria um agora que refletirá no futuro.</p>
<p>Agradeço imensamente a todos encontros que tive que me transformaram e me proporcionaram chegar até aqui. Agradeço cada mão estendida ao meu favor e em favor da minha arte. Ao fazer e construção coletiva que permearam todo esse processo de produção, feito por muitas mãos, por muitas parcerias de vida e de ofício. A todos que colaboraram direta ou indiretamente na conclusão deste trabalho o meu forte<br />
abraço em agradecimento a tanto amor e amizade envolvidos.</p>
<p>Dedico esse trabalho em louvor a minha grande MÃE ANCESTRAL . Em honra à Memória de Lúcia Maria de Oliveira e Elvira de Oliveira minhas mães. E às meninas, mulheres e senhoras pretas que vieram antes de mim, que comungam do mesmo tempo que eu e das que virão.</p>
</div>
</div></div></div></div></div></div><div id="pg-256-1"  class="panel-grid panel-has-style" ><div class="siteorigin-panels-stretch panel-row-style panel-row-style-for-256-1" style="padding: -60px 0; " data-stretch-type="full" data-overlay="true" data-overlay-color="#000000" ><div id="pgc-256-1-0"  class="panel-grid-cell" ><div id="panel-256-1-0-0" class="so-panel widget widget_sow-editor panel-first-child panel-last-child" data-index="2" ><div style="text-align: left;" data-title-color="#443f3f" data-headings-color="#443f3f" class="panel-widget-style panel-widget-style-for-256-1-0-0" ><div
			
			class="so-widget-sow-editor so-widget-sow-editor-base"
			
		><h3 class="widget-title">01 - Mas eu Voltei</h3>
<div class="siteorigin-widget-tinymce textwidget">
	<p style="text-align: justify;">A canção MAS EU VOLTEI que dá título ao EP composta em 2016 e produzida em 2017 é o som de quem volta ao lar depois de anos de exílio, um pedido de perdão pelo auto abandono, pelo descuido consigo mesma. Um reconciliar- me, morando de volta no meu corpo e fazendo votos de fidelidade e comprometimento eterno com o auto cuidado. Com as bençãos de NOSSA SENHORA DO ROSÁRIO a música é um reinar sobre mim mesma, um honrar a todas que vieram antes, um ser senhora do meu destino e um vir a ser Rainha do meu próprio mundo.</p>
<p style="text-align: justify;"><b>Letra</b><span style="font-weight: 400;">:<br />
</span><span style="font-weight: 400;">Mas eu voltei meu bem<br />
</span><span style="font-weight: 400;">Voltei pra casa<br />
</span><span style="font-weight: 400;">Mas dessa vez meu bem<br />
</span><span style="font-weight: 400;">Vim pra ficar</span></p>
<p style="text-align: justify;"><span style="font-weight: 400;">Desculpe meu amor voltei sem nada<br />
</span><span style="font-weight: 400;">É que gastei todos os bens<br />
</span><span style="font-weight: 400;">Lá fora, com outra coisa, outra pessoa,<br />
</span><span style="font-weight: 400;">Mas eu voltei  </span></p>
<p style="text-align: justify;"><span style="font-weight: 400;">E juro ser fiel ao nosso encontro<br />
</span><span style="font-weight: 400;">Amar-te e respeitar-te<br />
</span><span style="font-weight: 400;">Até o fim<br />
</span><span style="font-weight: 400;">Na saúde, na doença<br />
</span><span style="font-weight: 400;">Na alegria ou tristeza<br />
</span><span style="font-weight: 400;">Na riqueza ou pobreza<br />
</span><span style="font-weight: 400;">Até o fim</span><span style="font-weight: 400;">         </span></p>
<p style="text-align: justify;"><span style="font-weight: 400;">Voltei pra casa<br />
</span><span style="font-weight: 400;">Voltei pra mim<br />
</span><span style="font-weight: 400;">Voltei pra casa<br />
</span><span style="font-weight: 400;">Eu voltei<br />
</span><span style="font-weight: 400;">a morar em mim</span></p>
<hr />
<p style="text-align: justify;"><strong>Ficha Técnica:<br />
</strong>Letra, Música e Vocal : Luiza da Iola<br />
Guitarras: Pedro Oliveira<br />
Guitarra e Beatmaker: Miguel Javaral<br />
Produção e Direção Musical: Miguel Javaral<br />
Gravação, Mixagem e Masterização: Miguel Javaral</p>
</div>
</div></div></div></div><div id="pgc-256-1-1"  class="panel-grid-cell" ><div id="panel-256-1-1-0" class="so-panel widget widget_sow-editor panel-first-child panel-last-child" data-index="3" ><div style="text-align: left;" data-title-color="#443f3f" data-headings-color="#443f3f" class="panel-widget-style panel-widget-style-for-256-1-1-0" ><div
			
			class="so-widget-sow-editor so-widget-sow-editor-base"
			
		><h3 class="widget-title">02 - Nêga (Part. Babu)</h3>
<div class="siteorigin-widget-tinymce textwidget">
	<p style="text-align: justify;">NÊGA, single lançado juntamente com o clipe, composto e produzido em 2017, reflete o trabalho de pesquisa sobre as influências da música africana na música americana e traz nas batidas a referência do gênero musical Kizomba originário de Angola . Ao mesmo tempo que faz um convite para a dança, também propõe uma reflexão sobre diversidade de gênero e a compreensão do afeto Afrocentrado como forma de resistência.<strong><span style="font-weight: 400;"><br />
</span></strong></p>
<p style="text-align: justify;"><strong>Letra:<br />
</strong>Ai Nêga  a minha boca anda seca de um beijo teu<br />
Ai ai Nêga já tem dias que teu nome não sai da minha cabeça<br />
Ai Nêga eu ando vendo teu rosto em cada face<br />
Sentindo teu cheiro em toda parte<br />
Sonhando em te encontrar</p>
<p style="text-align: justify;">Ai Nêga não nega<br />
Esse meu bem querer<br />
Ai Nêga vem depressa<br />
Vem que tô louca<br />
pra te ver</p>
<p style="text-align: justify;"><em>Repete tudo</em><br />
Ai Nêgo ...</p>
<hr />
<p style="text-align: justify;"><strong>Ficha Técnica:<br />
</strong>Vocais: Luiza da Iola e Babu<br />
Bateria e Percussão: Juninho Percussa<br />
Baixo: Miguel Javaral<br />
Guitarra: Pedro Oliveira<br />
Produção e Direção Musical: Miguel Javaral<br />
Gravação, Mixagem e Masterização: Miguel Javaral</p>
</div>
</div></div></div></div><div id="pgc-256-1-2"  class="panel-grid-cell" ><div id="panel-256-1-2-0" class="so-panel widget widget_sow-editor panel-first-child panel-last-child" data-index="4" ><div style="text-align: left;" data-title-color="#443f3f" data-headings-color="#443f3f" class="panel-widget-style panel-widget-style-for-256-1-2-0" ><div
			
			class="so-widget-sow-editor so-widget-sow-editor-base"
			
		><h3 class="widget-title">03 - Brincar de ir embora</h3>
<div class="siteorigin-widget-tinymce textwidget">
	<p style="text-align: justify;">O remix de BRINCAR DE IR EMBORA, composta em 2003, ganha uma nova roupagem com a participação do pesquisador musical e Beatmaker Célio Soró. Trazendo no Bass a influência da Soul Music gênero musical dos Estados Unidos que nasceu do rhythm and blues e do gospel durante o final da década de 1950 e início da década de 1960 entre os negros. Esse uso apareceu justamente numa época de vários movimentos sociais, tanto com a revolução dos jovens, como os movimentos antiguerra e antirracistas. Por consequência, a música soul nada mais era que uma referência à música negra, independentemente de gênero. A produção musical feita em 2016, ficou por conta do coach e produtor musical Walmir Ferreira.</p>
<p style="text-align: justify;"><strong>Letra:<br />
</strong>Vamos brincar de ficar aqui<br />
Vendo o dia amanhecer<br />
Já que não temos nada mais importante pra fazer<br />
Vamos brincar de caminhar junto<br />
Sem destino certo pra que ter rumo<br />
Se vai se vai se esconder<br />
Se é tão bom te encontrar<br />
Pra depois me perder<br />
Vamos brincar de enrolar a madrugada<br />
Te faço dançar e cantar a noite inteira<br />
Quando o sono chegar, deixo as luzes apagadas<br />
Pra ninar teus sonhos meu amor<br />
Deixo as estrelas acesas<br />
Não quero ver o sol acordar<br />
Nem tão cedo o dia nascer<br />
Pra que relógio pra despertar<br />
Se o que mais quero é perder a hora<br />
Detesto essa brincadeira<br />
De te deixar<br />
Brincar de ir embora</p>
<hr />
<p style="text-align: justify;"><strong>Ficha Técnica:<br />
</strong>Letra e música: Luiza da Iola<br />
Voz e violão: Luiza da Iola<br />
Baixo: Célio Soró<br />
Teclado: Walmir Ferreira<br />
Produção e Direção Musical: Walmir  Ferreira<br />
Bateria Eletrônica e Percussão: Walmir Ferreira<br />
Mixagem e masterização: Estúdio Música Mais</p>
</div>
</div></div></div></div></div></div></div>

<p>A benção às mais velhas, a benção às mais novas, peço-lhes licença pra chegar! O EP MAS EU VOLTEI é o resultado [&hellip;]</p>
